the remainder when 358 is divided by 72.
70
Calculate the remainder when 626 is divided by 21.
17
Calculate the remainder when 783 is divided by 28.
27
Calculate the remainder when 152 is divided by 15.
2
What is the remainder when 289 is divided by 81?
46
Calculate the remainder when 55 is divided by 17.
4
What is the remainder when 253 is divided by 15?
13
What is the remainder when 157 is divided by 24?
13
What is the remainder when 215 is divided by 27?
26
Calculate the remainder when 57 is divided by 24.
9
Calculate the remainder when 53 is divided by 33.
20
Calculate the remainder when 59632 is divided by 49.
48
What is the remainder when 483 is divided by 48?
3
Calculate the remainder when 170 is divided by 92.
78
What is the remainder when 42 is divided by 12?
6
What is the remainder when 97 is divided by 62?
35
What is the remainder when 549 is divided by 205?
139
What is the remainder when 194 is divided by 39?
38
Calculate the remainder when 266 is divided by 16.
10
Calculate the remainder when 702 is divided by 183.
153
What is the remainder when 1849 is divided by 267?
247
What is the remainder when 17 is divided by 6?
5
Calculate the remainder when 101 is divided by 32.
5
What is the remainder when 173 is divided by 9?
2
What is the remainder when 33 is divided by 5?
3
Calculate the remainder when 1852 is divided by 41.
7
What is the remainder when 193 is divided by 39?
37
What is the remainder when 1877 is divided by 935?
7
Calculate the remainder when 136 is divided by 10.
6
What is the remainder when 2110 is divided by 88?
86
Calculate the remainder when 501 is divided by 127.
120
What is the remainder when 1670 is divided by 22?
20
Calculate the remainder when 26941 is divided by 38.
37
What is the remainder when 149 is divided by 25?
24
Calculate the remainder when 827 is divided by 218.
173
What is the remainder when 10097 is divided by 22?
21
Calculate the remainder when 66 is divided by 9.
3
Calculate the remainder when 2540 is divided by 31.
29
Calculate the remainder when 356 is divided by 8.
4
Calculate the remainder when 4620 is divided by 4.
0
Calculate the remainder when 18418 is divided by 169.
166
What is the remainder when 1084 is divided by 15?
4
Calculate the remainder when 198 is divided by 20.
18
Calculate the remainder when 221 is divided by 72.
5
Calculate the remainder when 5 is divided by 5.
0
Calculate the remainder when 15176 is divided by 17.
12
Calculate the remainder when 822 is divided by 64.
54
What is the remainder when 599 is divided by 583?
16
Calculate the remainder when 146 is divided by 73.
0
Calculate the remainder when 2718 is divided by 52.
14
What is the remainder when 633 is divided by 105?
3
Calculate the remainder when 7048 is divided by 24.
16
What is the remainder when 13143 is divided by 42?
39
Calculate the remainder when 387 is divided by 78.
75
Calculate the remainder when 2836 is divided by 167.
164
Calculate the remainder when 95 is divided by 53.
42
Calculate the remainder when 890 is divided by 343.
204
Calculate the remainder when 156 is divided by 81.
75
Calculate the remainder when 530 is divided by 85.
20
Calculate the remainder when 314 is divided by 34.
8
What is the remainder when 259 is divided by 26?
25
Calculate the remainder when 254 is divided by 5.
4
Calculate the remainder when 1538 is divided by 225.
188
What is the remainder when 845 is divided by 11?
9
What is the remainder when 109 is divided by 23?
17
What is the remainder when 769 is divided by 14?
13
Calculate the remainder when 207 is divided by 15.
12
What is the remainder when 61 is divided by 32?
29
Calculate the remainder when 628 is divided by 70.
68
What is the remainder when 1581 is divided by 36?
33
Calculate the remainder when 13450 is divided by 76.
74
Calculate the remainder when 98 is divided by 86.
12
What is the remainder when 83 is divided by 1?
0
What is the remainder when 105 is divided by 30?
15
What is the remainder when 99 is divided by 49?
1
What is the remainder when 2583 is divided by 2555?
28
Calculate the remainder when 868 is divided by 92.
40
What is the remainder when 1480 is divided by 13?
11
Calculate the remainder when 1630 is divided by 43.
39
What is the remainder when 159 is divided by 66?
27
What is the remainder when 294 is divided by 100?
94
Calculate the remainder when 931 is divided by 45.
31
What is the remainder when 1373 is divided by 555?
263
Calculate the remainder when 268 is divided by 69.
61
What is the remainder when 316 is divided by 49?
22
Calculate the remainder when 605 is divided by 47.
41
What is the remainder when 119 is divided by 32?
23
Calculate the remainder when 416 is divided by 69.
2
Calculate the remainder when 117 is divided by 15.
12
What is the remainder when 2847 is divided by 37?
35
What is the remainder when 4431 is divided by 13?
11
Calculate the remainder when 125 is divided by 11.
4
What is the remainder when 35 is divided by 8?
3
What is the remainder when 375 is divided by 14?
11
Calculate the remainder when 164 is divided by 58.
48
What is the remainder when 188 is divided by 88?
12
Calculate the remainder when 3336 is divided by 27.
15
Calculate the remainder when 560 is divided by 81.
74
What is the remainder when 185 is divided by 83?
19
Calculate the remainder when 5 is divided by 3.
2
Calculate the remainder when 4185 is divided by 14.
13
What is the remainder when 1232 is divided by 12?
8
What is the remainder when 112 is divided by 19?
17
Calculate the remainder when 1426 is divided by 84.
82
What is the remainder when 83 is divided by 29?
25
Calculate the remainder when 70 is divided by 29.
12
What is the remainder when 195 is divided by 49?
48
Calculate the remainder when 84 is divided by 55.
29
What is the remainder when 398 is divided by 192?
14
Calculate the remainder when 18108 is divided by 29.
12
Calculate the remainder when 646 is divided by 13.
9
What is the remainder when 3342 is divided by 223?
220
What is the remainder when 18326 is divided by 58?
56
What is the remainder when 4963 is divided by 15?
13
What is the remainder when 240 is divided by 49?
44
Calculate the remainder when 748 is divided by 20.
8
Calculate the remainder when 127 is divided by 64.
63
Calculate the remainder when 3384 is divided by 562.
12
What is the remainder when 240 is divided by 11?
9
What is the remainder when 7463 is divided by 8?
7
Calculate the remainder when 142 is divided by 29.
26
Calculate the remainder when 210 is divided by 64.
18
What is the remainder when 157 is divided by 139?
18
Calculate the remainder when 98 is divided by 19.
3
What is the remainder when 639 is divided by 10?
9
Calculate the remainder when 20738 is divided by 6908.
14
What is the remainder when 516 is divided by 65?
61
Calculate the remainder when 305 is divided by 83.
56
Calculate the remainder when 169 is divided by 77.
15
What is the remainder when 108 is divided by 50?
8
Calculate the remainder when 537 is divided by 177.
6
What is the remainder when 75 is divided by 35?
5
What is the remainder when 1096 is divided by 76?
32
What is the remainder when 491 is divided by 96?
11
Calculate the remainder when 171 is divided by 45.
36
Calculate the remainder when 4366 is divided by 156.
154
What is the remainder when 7542 is divided by 23?
21
Calculate the remainder when 405 is divided by 196.
13
Calculate the remainder when 281 is divided by 46.
5
What is the remainder when 387 is divided by 83?
55
Calculate the remainder when 437 is divided by 37.
30
Calculate the remainder when 440 is divided by 109.
4
What is the remainder when 801 is divided by 35?
31
What is the remainder when 440 is divided by 145?
5
What is the remainder when 54 is divided by 5?
4
Calculate the remainder when 283 is divided by 166.
117
Calculate the remainder when 243 is divided by 74.
21
What is the remainder when 115 is divided by 69?
46
What is the remainder when 1275 is divided by 20?
15
What is the remainder when 68 is divided by 8?
4
What is the remainder when 533 is divided by 163?
44
What is the remainder when 6314 is divided by 13?
9
Calculate the remainder when 1457 is divided by 55.
27
Calculate the remainder when 627 is divided by 32.
19
What is the remainder w